omposite number?
True
Is 8514013 a prime number?
True
Is 31475639 composite?
True
Is 282801587 a composite number?
True
Is 52190951 a composite number?
False
Is 3303617 a composite number?
False
Is 10330273 a prime number?
True
Is 176610185 composite?
True
Is 135327173 prime?
False
Is 174316795 a composite number?
True
Is 128466083 a prime number?
False
Is 304137367 prime?
True
Is 20784143 a prime number?
True
Is 3768337 a composite number?
True
Is 1915541 composite?
True
Is 97509563 composite?
False
Is 2956897 a composite number?
False
Is 438341 a composite number?
False
Is 1327721 composite?
True
Is 177432853 a prime number?
False
Is 899247 composite?
True
Is 8426863 a prime number?
True
Is 92372843 a composite number?
False
Is 30093379 a prime number?
True
Is 8576299 prime?
False
Is 158043439 a prime number?
True
Is 890737 composite?
False
Is 288877763 composite?
False
Is 22981721 prime?
False
Is 443181 a prime number?
False
Is 587184889 composite?
True
Is 8385863 a composite number?
False
Is 3257317 prime?
False
Is 126001 prime?
True
Is 1611047 a composite number?
True
Is 60600487 a prime number?
False
Is 1905511 prime?
False
Is 723624287 prime?
True
Is 307644991 a prime number?
True
Is 3061589 composite?
True
Is 3516067 prime?
False
Is 31185181 prime?
True
Is 90047659 composite?
True
Is 2418509 a composite number?
False
Is 21158633 composite?
False
Is 434775209 a prime number?
False
Is 78762259 a composite number?
True
Is 599397 prime?
False
Is 66733 prime?
True
Is 3227633 prime?
False
Is 7383899 composite?
True
Is 188321173 a prime number?
False
Is 5916919 a prime number?
True
Is 1115809361 prime?
False
Is 3064861 composite?
False
Is 567367201 composite?
False
Is 564523 a prime number?
True
Is 7669 a composite number?
False
Is 1239893 a composite number?
False
Is 16212463 a composite number?
True
Is 85696081 a composite number?
True
Is 725943671 composite?
True
Is 84440281 prime?
False
Is 19909871 a composite number?
True
Is 54204643 a prime number?
True
Is 4625319 a composite number?
True
Is 33194243 a prime number?
True
Is 5280823 composite?
True
Is 4580021 a prime number?
False
Is 8401889 prime?
False
Is 8074009 a prime number?
True
Is 782237 a composite number?
True
Is 194581 a prime number?
True
Is 272217787 prime?
False
Is 6580781 a prime number?
False
Is 20847269 a composite number?
True
Is 14844989 a prime number?
False
Is 223994269 a prime number?
True
Is 35520097 composite?
True
Is 2660903 composite?
True
Is 416809 composite?
True
Is 7443019 prime?
False
Is 249079 a composite number?
False
Is 369178807 prime?
True
Is 234664251 a composite number?
True
Is 24725915 prime?
False
Is 7759963 a prime number?
False
Is 29354383 composite?
False
Is 8682419 a prime number?
False
Is 835369 a composite number?
False
Is 924961 a composite number?
False
Is 940517 prime?
False
Is 315056569 a prime number?
False
Is 184052701 composite?
True
Is 2968127 prime?
False
Is 12851351 composite?
True
Is 160037 prime?
False
Is 900281 a prime number?
False
Is 460039 a prime number?
True
Is 46680913 composite?
False
Is 1259851 composite?
False
Is 37337 prime?
True
Is 30921763 prime?
True
Is 211117139 a prime number?
True
Is 4007551 composite?
False
Is 47448943 a prime number?
True
Is 39145729 a composite number?
True
Is 110711173 a prime number?
True
Is 752711 composite?
True
Is 43505353 a composite number?
True
Is 16672553 a composite number?
True
Is 4917203 a composite number?
False
Is 822113 a composite number?
False
Is 12235081 composite?
False
Is 7590683 a prime number?
False
Is 46893929 composite?
False
Is 4010789 composite?
False
Is 2368381 composite?
False
Is 245859541 prime?
True
Is 683983 prime?
True
Is 578134 a prime number?
False
Is 2459755 a prime number?
False
Is 5584673 a composite number?
False
Is 1432237 a composite number?
True
Is 64401 a composite number?
True
Is 17050367 a composite number?
True
Is 23969563 a prime number?
True
Is 69944143 a prime number?
False
Is 10041263 a composite number?
False
Is 622309 prime?
False
Is 1534451 composite?
False
Is 69900371 prime?
False
Is 13088841 a composite number?
True
Is 2094473 a composite number?
False
Is 116868361 a composite number?
True
Is 12625429 a prime number?
True
Is 47557 composite?
True
Is 6944639 a composite number?
True
Is 1343989 a composite number?
True
Is 17064797 a composite number?
False
Is 686723 a composite number?
False
Is 80652178 composite?
True
Is 461137 composite?
True
Is 156316253 a composite number?
True
Is 1413582269 a prime number?
False
Is 3677 a prime number?
True
Is 60415415 a prime number?
False
Is 348307 a composite number?
False
Is 86676197 composite?
False
Is 1844153 a composite number?
False
Is 1534349 composite?
False
Is 50924543 a prime number?
False
Is 43803307 a composite number?
True
Is 161238167 a composite number?
False
Is 330673259 a composite number?
True
Is 1610731 composite?
True
Is 27918881 a composite number?
False
Is 236337 a composite number?
True
Is 203245541 composite?
True
Is 355833077 composite?
False
Is 18200323 composite?
True
Is 256279 composite?
False
Is 775027 prime?
False
Is 93617 prime?
False
Is 164116189 a prime number?
False
Is 331432477 a prime number?
False
Is 13792217 prime?
True
Is 223494877 a prime number?
True
Is 29718389 composite?
True
Is 26238059 a prime number?
False
Is 7570699 composite?
False
Is 4521811 composite?
True
Is 68345723 a composite number?
True
Is 9489917 a composite number?
False
Is 1409809 composite?
True
Is 55780267 prime?
False
Is 5932223 composite?
True
Is 8289635 composite?
True
Is 4625609 composite?
False
Is 10058647 a prime number?
False
Is 7049747 prime?
False
Is 125465365 prime?
False
Is 30549515 prime?
False
Is 568691979 prime?
False
Is 13061731 a composite number?
False
Is 4222105 prime?
False
Is 446893631 a prime number?
False
Is 287456363 a prime number?
True
Is 2528311 a prime number?
False
Is 21282467 a prime number?
True
Is 700165049 prime?
True
Is 3088931 composite?
False
Is 2246683 a composite number?
False
Is 30933803 prime?
False
Is 508976701 a composite number?
False
Is 71927011 prime?
False
Is 6320111 a prime number?
False
Is 9397429 prime?
True
Is 335796451 a composite number?
False
Is 4268701 a composite number?
True
Is 4717727 prime?
False
Is 1239703 a prime number?
False
Is 89578157 a prime number?
True
Is 252803 prime?
False
Is 38076281 prime?
True
Is 64353749 prime?
True
Is 136289273 composite?
True
Is 152058721 a composite number?
False
Is 3076559 composite?
False
Is 4940747 a composite number?
True
Is 299276053 a prime number?
True
Is 368629 prime?
False
Is 45720173 composite?
False
Is 76379194 prime?
False
Is 22850357 composite?
False
Is 1290659 composite?
False
Is 8066179 composite?
True
Is 24659959 a composite number?
True
Is 682036793 a composite number?
False
Is 593377 composite?
True
Is 37657469 a composite number?
True
Is 429557 prime?
False
Is 45651391 composite?
True
Is 6916673 a prime number?
True
Is 8424817 composite?
False
Is 34850327 prime?
False
Is 72877757 a composite number?
True
Is 35296459 a composite number?
True
Is 32277937 composite?
False
Is 41680169 a composite number?
False
Is 9238043 composite?
True
Is 22803217 a prime number?
True
Is 19261331 composite?
True
Is 58771649 composite?
False
Is 863477 prime?
False
Is 10345271 composite?
True
Is 13098973 a composite number?
False
Is 77753 composite?
True
Is 75254503 a prime number?
True
Is 2149417 prime?
False
Is 39877961 a composite number?
True
Is 328100219 composite?
False
Is 4138649 a composite number?
False
Is 2845547 prime?
True
Is 125708837 a composite number?
True
Is 18202279 a prime number?
True
Is 15237499 a composite number?
True
Is 74259917 a composite number?
False
Is 246437 composite?
True
Is 4138073 prime?
True
Is 7363643 composite?
True
Is 118967 a composite number?
False
Is 8179487 composite?
False
Is 471817 composite?
False
Is 103427039 a prime number?
True
Is 29254651 prime?
False
Is 104981611 a prime number?
False
Is 4971074 a prime number?
False
Is 668473291 prime?
True
Is 37161139 a composite number?
True
Is 8115194 composite?
True
Is 6150635 prime?
False
Is 6533531 a composite number?
True
Is 24247283 prime?
False
Is 4523153 a prime number?
False
Is 63871585 prime?
False
Is 10178